ded by 995?
7
Calculate the remainder when 209 is divided by 42.
41
Calculate the remainder when 275 is divided by 37.
16
Calculate the remainder when 5132 is divided by 29.
28
What is the remainder when 57 is divided by 20?
17
Calculate the remainder when 832 is divided by 2.
0
What is the remainder when 1194 is divided by 173?
156
Calculate the remainder when 248 is divided by 84.
80
What is the remainder when 7534 is divided by 1881?
10
Calculate the remainder when 128 is divided by 34.
26
What is the remainder when 1075 is divided by 47?
41
Calculate the remainder when 221 is divided by 56.
53
Calculate the remainder when 239 is divided by 136.
103
Calculate the remainder when 64 is divided by 6.
4
What is the remainder when 246 is divided by 127?
119
What is the remainder when 843 is divided by 27?
6
What is the remainder when 6117 is divided by 8?
5
What is the remainder when 559 is divided by 112?
111
What is the remainder when 1542 is divided by 8?
6
What is the remainder when 698 is divided by 141?
134
What is the remainder when 460 is divided by 66?
64
What is the remainder when 7892 is divided by 1970?
12
Calculate the remainder when 558 is divided by 40.
38
Calculate the remainder when 188 is divided by 22.
12
What is the remainder when 1510 is divided by 9?
7
Calculate the remainder when 987 is divided by 22.
19
Calculate the remainder when 453 is divided by 24.
21
Calculate the remainder when 1857 is divided by 12.
9
What is the remainder when 265 is divided by 75?
40
What is the remainder when 2144 is divided by 33?
32
What is the remainder when 567 is divided by 48?
39
What is the remainder when 193 is divided by 79?
35
What is the remainder when 5367 is divided by 37?
2
Calculate the remainder when 702 is divided by 348.
6
Calculate the remainder when 177 is divided by 20.
17
Calculate the remainder when 754 is divided by 18.
16
Calculate the remainder when 1225 is divided by 567.
91
What is the remainder when 1410 is divided by 80?
50
Calculate the remainder when 1391 is divided by 58.
57
Calculate the remainder when 15492 is divided by 122.
120
Calculate the remainder when 786 is divided by 66.
60
What is the remainder when 2023 is divided by 22?
21
Calculate the remainder when 280 is divided by 72.
64
What is the remainder when 2553 is divided by 95?
83
Calculate the remainder when 222 is divided by 129.
93
Calculate the remainder when 77 is divided by 46.
31
Calculate the remainder when 37383 is divided by 343.
339
Calculate the remainder when 15 is divided by 10.
5
Calculate the remainder when 2163 is divided by 95.
73
What is the remainder when 149 is divided by 23?
11
What is the remainder when 696 is divided by 21?
3
Calculate the remainder when 66721 is divided by 14.
11
Calculate the remainder when 546 is divided by 183.
180
What is the remainder when 310 is divided by 67?
42
What is the remainder when 1119 is divided by 24?
15
What is the remainder when 41 is divided by 8?
1
Calculate the remainder when 393 is divided by 36.
33
Calculate the remainder when 155 is divided by 46.
17
What is the remainder when 138 is divided by 70?
68
Calculate the remainder when 1632 is divided by 30.
12
What is the remainder when 612 is divided by 201?
9
What is the remainder when 220 is divided by 14?
10
Calculate the remainder when 1972 is divided by 21.
19
What is the remainder when 16 is divided by 3?
1
What is the remainder when 840 is divided by 44?
4
What is the remainder when 868 is divided by 11?
10
What is the remainder when 4605 is divided by 144?
141
What is the remainder when 220 is divided by 45?
40
Calculate the remainder when 236 is divided by 86.
64
Calculate the remainder when 275 is divided by 69.
68
Calculate the remainder when 63 is divided by 28.
7
What is the remainder when 31 is divided by 2?
1
What is the remainder when 386 is divided by 32?
2
Calculate the remainder when 2727 is divided by 35.
32
What is the remainder when 1450 is divided by 288?
10
What is the remainder when 287 is divided by 32?
31
Calculate the remainder when 39 is divided by 12.
3
What is the remainder when 208 is divided by 43?
36
What is the remainder when 263 is divided by 130?
3
What is the remainder when 1332 is divided by 110?
12
What is the remainder when 233 is divided by 59?
56
Calculate the remainder when 3342 is divided by 14.
10
Calculate the remainder when 77 is divided by 26.
25
Calculate the remainder when 670 is divided by 112.
110
What is the remainder when 1171 is divided by 155?
86
What is the remainder when 911 is divided by 185?
171
Calculate the remainder when 399 is divided by 104.
87
What is the remainder when 5458 is divided by 65?
63
Calculate the remainder when 245 is divided by 15.
5
Calculate the remainder when 52 is divided by 12.
4
Calculate the remainder when 792 is divided by 13.
12
Calculate the remainder when 317 is divided by 32.
29
Calculate the remainder when 3956 is divided by 788.
16
Calculate the remainder when 101 is divided by 1.
0
What is the remainder when 868 is divided by 66?
10
Calculate the remainder when 1152 is divided by 15.
12
What is the remainder when 1070 is divided by 216?
206
What is the remainder when 196 is divided by 34?
26
What is the remainder when 1303 is divided by 87?
85
Calculate the remainder when 2627 is divided by 1292.
43
Calculate the remainder when 3576 is divided by 1770.
36
What is the remainder when 15077 is divided by 130?
127
What is the remainder when 593 is divided by 202?
189
Calculate the remainder when 178 is divided by 26.
22
What is the remainder when 809 is divided by 63?
53
What is the remainder when 990 is divided by 21?
3
What is the remainder when 852 is divided by 66?
60
Calculate the remainder when 42 is divided by 3.
0
What is the remainder when 266 is divided by 7?
0
Calculate the remainder when 559 is divided by 184.
7
Calculate the remainder when 1152 is divided by 213.
87
Calculate the remainder when 191 is divided by 33.
26
Calculate the remainder when 836 is divided by 23.
8
What is the remainder when 328 is divided by 30?
28
What is the remainder when 5108 is divided by 131?
130
What is the remainder when 2226 is divided by 22?
4
Calculate the remainder when 855 is divided by 107.
106
Calculate the remainder when 143 is divided by 11.
0
Calculate the remainder when 68 is divided by 6.
2
Calculate the remainder when 305 is divided by 33.
8
Calculate the remainder when 3104 is divided by 17.
10
What is the remainder when 270 is divided by 37?
11
What is the remainder when 23 is divided by 5?
3
What is the remainder when 660 is divided by 94?
2
What is the remainder when 1888 is divided by 19?
7
Calculate the remainder when 2146 is divided by 43.
39
What is the remainder when 3296 is divided by 1094?
14
What is the remainder when 143 is divided by 30?
23
What is the remainder when 366 is divided by 179?
8
What is the remainder when 46 is divided by 6?
4
What is the remainder when 719 is divided by 28?
19
Calculate the remainder when 69 is divided by 58.
11
What is the remainder when 38 is divided by 7?
3
Calculate the remainder when 44 is divided by 6.
2
What is the remainder when 42 is divided by 13?
3
Calculate the remainder when 105 is divided by 33.
6
What is the remainder when 6715 is divided by 56?
51
Calculate the remainder when 1251 is divided by 417.
0
What is the remainder when 119 is divided by 61?
58
Calculate the remainder when 3551 is divided by 236.
11
What is the remainder when 633 is divided by 8?
1
What is the remainder when 928 is divided by 49?
46
Calculate the remainder when 1484 is divided by 63.
35
What is the remainder when 202 is divided by 6?
4
What is the remainder when 91 is divided by 49?
42
What is the remainder when 553 is divided by 43?
37
What is the remainder when 571 is divided by 115?
111
What is the remainder when 1599 is divided by 37?
8
Calculate the remainder when 2267 is divided by 747.
26
What is the remainder when 57 is divided by 16?
9
What is the remainder when 2566 is divided by 12?
10
What is the remainder when 433 is divided by 56?
41
What is the remainder when 278 is divided by 28?
26
What is the remainder when 173 is divided by 91?
82
What is the remainder when 204 is divided by 28?
8
Cal